u = 440. What is the tens digit of x?
0
Suppose -14 - 1 = -5*x. Suppose -n + r + 73 = x*r, 2*r = 8. What is the units digit of n?
5
Suppose 0 = 5*r - 10, -20 = -3*b + r - 2*r. Suppose -19 = -b*t + 17. What is the units digit of t?
6
Let n(m) = m**3 + 17*m**2 - 26*m + 21. What is the units digit of n(-16)?
3
What is the hundreds digit of -110 + 104 - (-1 - 817/1)?
8
Let c(l) = 63*l**2 + 5*l - 3. Let s(r) = 190*r**2 + 16*r - 10. Let j(v) = -10*c(v) + 3*s(v). Let g be j(-1). What is the units digit of (g/6)/(2/(-6))?
9
Let d = -399 + 1556. What is the hundreds digit of d?
1
Let x(u) = 3*u + 36. Let j be 21/2 - (-21)/14. What is the tens digit of x(j)?
7
Let d be 1*-44*3/(-3). Suppose -d = -4*f + 996. Suppose 0 = -12*u + 17*u - f. What is the tens digit of u?
5
Suppose 0 = -a + 3*q, -a = -0*a + 5*q + 16. Let d = a + 5. Let u(j) = 5*j**2 - 2*j - 1. What is the units digit of u(d)?
6
Let u(i) = i**3 + 3*i**2 - 3*i + 1. Let p be u(-3). Let z(y) = 17 - 8 - p + 42*y. What is the tens digit of z(1)?
4
What is the tens digit of 2 - -3 - (-316 + 7)?
1
Let o(j) = -10*j + 32. Let u be o(-16). Let b = u + -86. What is the hundreds digit of b?
1
Suppose -5*x + 8*x - 1439 = 2*k, 3*x - 1451 = 5*k. What is the hundreds digit of x?
4
Let p(l) = -l**3 - 2*l**2 + l + 131. Let q be p(0). What is the tens digit of 2 + -3 + q + -1?
2
Let j be (-12)/42 + 110/(-7). Let d = 29 - j. What is the tens digit of d?
4
Let l = 847 - 521. What is the units digit of l?
6
Let i = 4790 - 2066. What is the thousands digit of i?
2
Let v be (-830)/664 - (-3)/((-12)/(-5)). Let m be -1 + 117 + 2 + -1. Suppose -3*z + m + 6 = v. What is the units digit of z?
1
Let i = 3075 + 543. What is the thousands digit of i?
3
Let v = -73 + 650. What is the hundreds digit of v?
5
Suppose -3*j = -2*q + 9405, 4*q - 49*j + 54*j = 18865. What is the units digit of q?
0
Let q = 20 - 13. Suppose 550 = q*m - 311. What is the units digit of m?
3
Suppose 7*r = 12*r + 5*f - 9025, 2*r - 3645 = 5*f. What is the hundreds digit of r?
8
Let b(i) = 3*i + 8. Let t be b(-4). Let g = t - -7. Suppose g*h = -n + 10, -n + 5*n - 5 = -5*h. What is the units digit of h?
5
What is the tens digit of (67/(-1))/(25 + -26)?
6
Suppose 13 - 18 = 5*b. What is the tens digit of (-25)/b + 9/9 + 2?
2
Let r = 125 + -70. What is the units digit of r?
5
Suppose 180 = 5*t - 5*k, -t - 56 = -2*t - 3*k. What is the units digit of t?
1
Suppose 0 = -b - 0*b + 2. Suppose -6*j + j = 5*h - 405, -b*j - 238 = -3*h. Suppose 4*l = -2*y + 32, 5*y + l = -3*l + h. What is the tens digit of y?
1
Let x = -118 - -95. Let c = x - -66. What is the units digit of c?
3
Let l(c) = -44*c - 1. Let f(j) = 3*j**3 + 10*j**2 + 2*j + 1. Let w(n) = n**3 + n. Let g(u) = -f(u) + 2*w(u). Let t be g(-10). What is the units digit of l(t)?
3
Suppose -398*y = -402*y + 8136. What is the hundreds digit of y?
0
Let c(n) = -n**3 - 11*n**2 - 11*n - 5. Let k be c(-10). Suppose -5*h = -2*d + 20, k*h = 4*d - 10 - 10. What is the tens digit of (0 - d) + -12 + 23?
1
Let s(g) = -g**3 + 7*g**2 - 7*g + 7. Let w be s(5). Suppose 4*b - 14 = w. Suppose -t - b = -2*t. What is the units digit of t?
9
Let s(l) = 2*l**2 + l + 1. Let r be s(-1). Let a = r - -5. Suppose 2*m + 165 = a*m. What is the tens digit of m?
3
Suppose 0 = 2*q - 5*u - 5277, -3*q + 7*q + 2*u = 10614. What is the tens digit of q?
5
Let h(k) be the third derivative of 7*k**5/12 + k**4/24 + k**3/3 - 8*k**2. What is the units digit of h(-2)?
0
Let h be (-3)/(3/(-3)) + -2. What is the units digit of h/3*2685/5?
9
Let x be -2 - ((2 - 3) + -5). Suppose 7*d - 26 = -5. Suppose 2*k + 5*a - 1 = -d, -a - 40 = -x*k. What is the units digit of k?
9
What is the units digit of 4/8*-6 + 92?
9
Let x be 427/13 + 2*(-8)/(-104). What is the units digit of 51*((-112)/(-132) - 6/x)?
4
Suppose 3*r - 5 = -2*p + 2*r, -4*p + 3 = -5*r. What is the units digit of (p - -47)*(2 + (-1)/1)?
9
Let w(k) = -3 - 2 + 5 + 39*k + 5. What is the units digit of w(2)?
3
Suppose -2*o + 3 = -t, 2*t + o = 3*o - 2. What is the tens digit of -1*(-688)/(5 - t)?
7
Let f(c) = -9*c**2 - c - 2. Let h(t) = -10*t**2 - 3. Let x(g) = 3*f(g) - 4*h(g). Let v be x(4). Suppose -5*u = 37 - v. What is the tens digit of u?
3
What is the units digit of (3546 - 1)*381/635?
7
Suppose 5*n = -54 + 14. Let a(c) = -7*c + 14. What is the units digit of a(n)?
0
Let k(i) = -6*i - 1. Let x be k(-1). Suppose -n - 3*v + 47 = 0, 0 = x*n - 0*v - 4*v - 235. Suppose 0 = 5*p + n - 147. What is the tens digit of p?
2
What is the hundreds digit of (115 - 22)/((-2)/((-14)/3))?
2
Let d = 760 + -328. Suppose m = 10*m - d. What is the units digit of m?
8
Let a(q) = q**2 + q + 72. Let u be a(0). Suppose -3*i = u - 855. What is the hundreds digit of i?
2
Let g be (1 - (-3)/(-9)*0) + 5. What is the tens digit of g/15 - (-2208)/30?
7
Let h(r) = r**2 + 15*r + 67. Let o be h(-8). Suppose v = -5*u + 65, 2*v - 3*v + 56 = -4*u. Suppose o*n = 16*n - v. What is the tens digit of n?
1
Suppose -157*c + 685 = -156*c. What is the tens digit of c?
8
Let x = 13 + -13. Suppose -234 = -3*o - x*o. What is the units digit of o?
8
Let t be 2/8 - 28/(-16). Suppose 0 = -2*w - 4*z - 5 + 1, -4 = t*z. Suppose -87 = -w*x - x. What is the tens digit of x?
2
Let r be 110/50 - (-1)/(-5). Suppose w + r*l - 39 = 0, -w + 97 = 2*w + 2*l. What is the units digit of w?
9
Let m = 23 + -23. Suppose -2*j + 296 = 5*d - 222, m = -3*d. What is the units digit of j?
9
What is the units digit of -70*((11 - 6) + -7)?
0
Let n(b) = -2*b + 24. Let u be n(16). Let c(i) = -6*i - 6. What is the tens digit of c(u)?
4
What is the tens digit of 56/12 - 4 - 40105/(-39)?
2
Let i(w) = 4*w + 1. Let m be i(1). Suppose m*f + 12 = 3*f. Let z = 26 - f. What is the tens digit of z?
3
Let p(n) = -n**3 - 23*n**2 - 35*n + 30. Let b be p(-21). Let g = b + 133. What is the tens digit of g?
1
Let x be (-2)/(-4) - 1/2. Let c(g) be the second derivative of g**5/20 - g**3/6 + 29*g**2/2 + 39*g. What is the tens digit of c(x)?
2
What is the tens digit of -4 - 7/((-42)/1704)?
8
Let u(a) = -a**2 - 8*a + 11. Let b = -23 + 14. Let n be u(b). What is the tens digit of (n/4)/((-3)/(-138))?
2
Suppose -l + 5*n + 22 = 0, 3*l - 2*l - 2*n = 7. Let w be 30/(-9) + l/(-9). Let q = w + 19. What is the units digit of q?
6
Let b(l) = -l**3 - 8*l**2 + 9*l + 4. Let c be b(-9). Suppose -5*o = -c*o - n - 2224, 2*n - 6667 = -3*o. What is the units digit of o/45 + 2/(-5)?
9
Suppose -34 = 5*x - 129. What is the tens digit of x?
1
Suppose 0 = -s + 4*z - 6*z + 611, -3*s - 5*z + 1836 = 0. What is the units digit of s?
7
Let c(j) = -99*j**3 - j. Let z be ((-22)/(-33)*(-6)/(-4))/(-1). What is the hundreds digit of c(z)?
1
Suppose -5*q = -4*q - 784. Suppose q = 3*z + 5*z. What is the units digit of z?
8
Suppose 6*a - 11*a = -10. What is the tens digit of (a + 2)/((-1)/(-10))?
4
Let s(c) = 759*c**2 + 90*c + 176. What is the units digit of s(-2)?
2
What is the units digit of ((-2)/3 + 2)/((-3)/(-414))?
4
Let o = 51 + -28. Let u = -57 + o. What is the units digit of (u/(-8))/(2/32)?
8
Suppose -5*u - 5 = 0, 3*b - 5*b + 2 = -2*u. Let z(r) = 6*r + 102. What is the hundreds digit of z(b)?
1
Suppose 2*g + 285 = -399. What is the tens digit of ((-3)/9)/(3 - (-1029)/g)?
3
Let k(d) = -8*d + 5. Let h(l) = l**3 - 10*l**2 - 2*l + 2. Let i be h(10). Let m be (4/(-8))/((-3)/i). What is the tens digit of k(m)?
2
Let w(m) = -3*m - 6. Let i(d) = d**2 + 3*d - 1. Let t be i(-4). Suppose -t*y = f - 0*f + 14, 0 = -5*f + 2*y - 53. What is the units digit of w(f)?
7
Let t = 36 - -70. Suppose 225 = -3*j + 3. Let r = j + t. What is the units digit of r?
2
Let l = 0 + 4. Suppose 0 = 5*i + l*x - 19, 3*i + i - 16 = -4*x. Suppose 6 - i = f. What is the units digit of f?
3
What is the tens digit of ((-818)/42 - (-12)/84)*-60?
6
Let x(a) = 23*a**2 + 5*a - 7. Let p(t) = 45*t**2 + 8*t - 13. Let o(h) = 6*p(h) - 11*x(h). What is the hundreds digit of o(-3)?
1
Suppose 3*f + 0 = -9, 2 = -y - 2*f. Let k(o) = 3*o + 15. Let q be k(-8). Let c = y - q. What is the units digit of c?
3
Let y(u) be the third derivative of -41*u**6/120 + u**5/60 - u**4/24 - u**3/2 - u**2 - 3. What is the tens digit of y(-2)?
3
Let j(l) be the first derivative of l**4/4 + 2*l**3 - 7*l**2/2 + l + 1. Let p be j(-7). Suppose 5*w - 21 = -p. What is the units digit of w?
4
Let d(c